uppose -2*a = 3*i + 2*i - 30, -5*i = -2*a - 10. What are the prime factors of i?
2
Let k(o) = -o**2 - 86*o - 417. List the prime factors of k(-50).
3, 461
Let u be (413 - 1) + 12/30*-5. Suppose -2458 = -12*h + u. What are the prime factors of h?
239
Let z = -48 - -59. Suppose z*g - 4*g = 945. What are the prime factors of g?
3, 5
Let a be (1/(-2))/((-1)/18). Suppose p = a + 18. Let l = 43 - p. List the prime factors of l.
2
Suppose -5*t + 8 = -7*t. Let r(z) = -z**3 + 3*z**2 - z + 4. List the prime factors of r(t).
2, 3, 5
Suppose -g + 2*j = -0*g + 2, 4*g + 5*j = -34. What are the prime factors of ((-51)/g)/((-2)/(-28)*1)?
7, 17
Let m = -1079 - -2080. What are the prime factors of m?
7, 11, 13
Let p(n) = n**2 - 9*n - 47. What are the prime factors of p(28)?
5, 97
Let s(n) = -n**3 + n**2 + n + 4. Suppose -q = -2*q. Let k be s(q). Suppose 130 = 4*y - 3*l, -2*y + k*l - 42 = -3*y. List the prime factors of y.
2, 17
Suppose 309 = 6*b + 9. Suppose 0 = 5*w - b - 15. Suppose -w - 27 = -5*p - 5*c, -4*p = c - 26. What are the prime factors of p?
2, 3
Suppose -3*o - 10*h + 6*h = 15, 0 = -4*o - 4*h - 20. Let a(m) = 2*m**2 - 11*m - 12. List the prime factors of a(o).
3, 31
Suppose -3*a - 10 = -7*x + 2*x, a = -3*x + 6. Suppose 5*m - 3*m - 72 = a. Suppose 2*g - m = -4*g. List the prime factors of g.
2, 3
Let d(j) = j**3 + 4*j**2 + 4*j + 2. Let s be -6*(-2)/9*-3. Let b be d(s). Let a = b + 50. List the prime factors of a.
2, 3
Let s(k) = 162*k - 1. What are the prime factors of s(3)?
5, 97
Let j = 416 - 89. Suppose -5*w + j = 112. List the prime factors of w.
43
Suppose -4*j = -8*j + 360. List the prime factors of j.
2, 3, 5
Suppose 7803 = 31*m - 22*m. List the prime factors of m.
3, 17
Let g be 4 - (6 + (2 - 4)). Suppose g = -3*x + 177 - 15. What are the prime factors of x?
2, 3
Let a(v) = v**3 - 13*v**2 + 8*v - 11. Let z be a(13). Suppose 0 = -j + 2*d - d + 29, 3*j - z = 5*d. What are the prime factors of (-1104)/(-78) + (-4)/j?
2, 7
Suppose -1 = 3*s - 10. Suppose -3*d - n = s*n, 5*n = d. Suppose d = -3*u - 0*u + 63. What are the prime factors of u?
3, 7
Let m = -52 + 32. List the prime factors of -4*(-128)/m*-5.
2
Let r(x) = -x**3 + 7*x**2 + 3*x - 9. Let c be r(7). Let g = -8 + c. Suppose 2*z - 4*k = k + 1, z + 7 = g*k. What are the prime factors of z?
13
Let z = 12 - 21. Let g = z + 13. Suppose -g*h + h = -39. What are the prime factors of h?
13
Suppose 11*d = 4102 + 2608. List the prime factors of d.
2, 5, 61
Let u be 0 - (-6)/2*1. Suppose 0 = -2*n + 2*s + 16, -u*n - 4*s - 39 = -8*n. List the prime factors of n.
7
Suppose 3*q = -2*v + 3347, q - 5*q = 4*v - 4460. What are the prime factors of q?
1117
Let g(c) = -3*c**3 - 8*c**2 - 2. Let j = 44 + -48. What are the prime factors of g(j)?
2, 31
Suppose 13*y - 5*d = 15*y - 3983, -d = 2*y - 4003. What are the prime factors of y?
2, 3, 167
Let b = 6596 - 3995. List the prime factors of b.
3, 17
Suppose -2*r + 57 = -5. What are the prime factors of r?
31
Let f(n) = 4*n + 8*n**2 - 11*n - 4*n**3 + 0*n**3 + 3*n**3. Let x be f(7). Let k = 6 - x. What are the prime factors of k?
2, 3
Let g be (-7*(23 + 0))/1. Let r = 244 + -347. Let y = r - g. What are the prime factors of y?
2, 29
Let y(k) = 2*k**2 + 23*k - 48. What are the prime factors of y(9)?
3, 107
Let a = -45 + 75. Suppose -4*l = -4*j + 436, 3*j + 4*l - a - 276 = 0. List the prime factors of j.
2, 53
Let m(p) = -162*p - 13. List the prime factors of m(-3).
11, 43
Let u(t) = -t**2 - 7*t - 6. Let v be u(-6). Suppose v = 2*w - 3*w. Suppose 12 = -2*k - 3*f + 33, w = -5*f - 25. List the prime factors of k.
2, 3
Let y(q) be the second derivative of q**7/36 - q**6/720 + q**5/120 - 3*q**4/4 - 7*q. Let a(b) be the third derivative of y(b). List the prime factors of a(-1).
2, 3
Let y = -16 - -26. Let r be (9/(-6))/((-3)/y). What are the prime factors of ((-44)/r)/((-30)/75)?
2, 11
Suppose 58*m = 27024 + 123080. What are the prime factors of m?
2, 647
Suppose 3*l - i - 1 = 0, -l = 3*l - 5*i - 5. Suppose l*s + 4*s = 8. What are the prime factors of (-86)/(-4) + s/(-4)?
3, 7
Let m = -22 - -34. Suppose -y = 4*v + m + 13, 4*y = -2*v - 2. List the prime factors of (v - 11)/((-3)/10).
2, 3, 5
Suppose 6*a = 5*b + 7*a - 2243, 4*a = -b + 441. What are the prime factors of b?
449
Suppose -2*u = 5*l - 7700, l + 4601 = 4*l + 5*u. What are the prime factors of l?
2, 3, 257
Suppose 51*l - 15*l - 39420 = 0. List the prime factors of l.
3, 5, 73
Suppose -8*p + 4*p + 3*g = -300, 2*p - 5*g = 150. List the prime factors of p.
3, 5
Let h(b) = -b + 6. Suppose -6 - 3 = 3*j. Let l be (14 + 0)/(j - -1). List the prime factors of h(l).
13
Let m(a) = 13 - 2*a**3 - 43 + 20 - 2*a**2 + a. What are the prime factors of m(-5)?
5, 37
Suppose -9 = -9*n + 9. Suppose -72 = -n*v + 10. List the prime factors of v.
41
Let k(g) = 96*g + 360. List the prime factors of k(9).
2, 3, 17
Let s(q) be the third derivative of q**6/120 - q**5/12 - q**4/4 + 5*q**3/6 + q**2. Let w be s(6). Suppose -2*m + w*m = 6. List the prime factors of m.
2
Let c be ((-10)/(-15))/((-4)/30). Let j = c + 2. Let h = j - -7. What are the prime factors of h?
2
Let l(o) = -7*o - 1. Let k(z) = -z**3 - 7*z**2 - 2. Let f be (-1)/((1/7)/1). Let p be k(f). List the prime factors of l(p).
13
Let s(k) be the third derivative of 0*k + 3/2*k**3 + 1/24*k**4 + 0 + 6*k**2. What are the prime factors of s(-6)?
3
Let w(u) = -118*u - 134. List the prime factors of w(-5).
2, 3, 19
Let t = -45 + 52. Suppose -t = 2*w - 147. List the prime factors of w.
2, 5, 7
Let g(l) be the second derivative of l**5/20 + 7*l**4/12 + l**3/6 - 5*l**2/2 - 9*l. Let i be g(-5). Let u = i - 13. What are the prime factors of u?
3
Let d(j) = j**3 - 8*j**2 - 6*j - 22. Let c(t) = t + 7. Let f be c(3). List the prime factors of d(f).
2, 59
Let g(m) = -47*m - 21. What are the prime factors of g(-5)?
2, 107
Suppose 0 = 4*h - 93 - 3063. List the prime factors of h.
3, 263
Suppose -5*u = -3*y + 1804, -690 = -3*y + u + 1106. List the prime factors of y.
2, 13, 23
Suppose -5*t + 1386 = 6*t. What are the prime factors of t?
2, 3, 7
What are the prime factors of -642*(-20)/(110/11)?
2, 3, 107
Suppose -3*h - 13 + 1 = 0. Let c = h + 19. Suppose -3*b = -c, b = -l - 2*l + 23. What are the prime factors of l?
2, 3
Let z = -22 + 5. Let g be 1102/6 + z/(-51). Suppose 0 = 5*k + 6 + 4, 0 = 3*f + 4*k - g. What are the prime factors of f?
2
Suppose 0 = -5*g + 4*r + 1249 + 3719, -5*g = r - 4958. List the prime factors of g.
2, 31
Let h = 392 - -96. What are the prime factors of h?
2, 61
Suppose 46 = 7*q + 32. Suppose q*c - 2*l = -10 + 230, 4*c = l + 425. What are the prime factors of c?
3, 5, 7
Let l = 58 - 55. Suppose -4*c - 102 = -k - l, c - 411 = -5*k. List the prime factors of k.
83
Let i = -1 - -4. Suppose t - 128 = -3*s, t - 457 = -i*t - s. List the prime factors of t.
113
Suppose 11 = 5*o + 1, 4*i - 18 = o. Let q(h) = h**3 - 3*h**2 + 4*h - 8. List the prime factors of q(i).
2, 31
Let j = -188 - -392. Suppose 5*o - 454 = -i + j, 0 = -2*o + 5*i + 247. List the prime factors of o.
131
Let t(a) = 5 + 5*a - 1 + 2*a**2 + 0. List the prime factors of t(-9).
11
Let l be 2*15/6*-1. Let s = 5 + l. Suppose -3*k + b + 51 = 2*b, -k - b + 19 = s. What are the prime factors of k?
2
Let m(i) = -i**3 - 4*i**2 + 6*i + 5. Let q be m(-5). Suppose q = 4*b + 3*a + 165, -2*a = -5*b + a - 240. Let l = -18 - b. List the prime factors of l.
3
Let k be (5 - 230/1)*-1. What are the prime factors of k + (-3 + 24)/(-3) + 3?
13, 17
Let p(d) = d**3 + 4*d**2 + 5*d + 4. Let c be p(-2). Suppose -m - 294 = -c*t, 9*t - 4*t - 742 = -m. What are the prime factors of t?
2, 37
Let u be 747/81 - (-4)/(-18). Let c = -9 + u. Suppose c*y - 4*y + 180 = 0. List the prime factors of y.
3, 5
Let f be ((-2)/(-4))/((-3)/6). Let x = f - -5. Suppose -x*m + 5*m - 27 = 0. List the prime factors of m.
3
Let m = 53 + -55. List the prime factors of ((-175)/m)/(-6 - 78/(-12)).
5, 7
Let p(m) = -27*m + 1. Let s be (-82)/(-12) - 2/(-12). Suppose -s = 3*n - 1. List the prime factors of p(n).
5, 11
Let a(n) = n**2 + 8*n + 9. Let f be a(-6). Let z be 37/3 - 2/f. Suppose -v - z = -2*v. What are the prime factors of v?
13
Suppose 2591 = -15*r + 50816. List the prime factors of r.
5, 643
Let p(b) = 223*b - 353. List the prime factors of p(19).
2, 971
Let u = 